rs of 2601?
3, 17
What are the prime factors of 23244?
2, 3, 13, 149
List the prime factors of 166.
2, 83
What are the prime factors of 1199?
11, 109
List the prime factors of 23176.
2, 2897
What are the prime factors of 26647?
26647
What are the prime factors of 5394?
2, 3, 29, 31
List the prime factors of 29136.
2, 3, 607
List the prime factors of 34617.
3, 11, 1049
What are the prime factors of 689?
13, 53
List the prime factors of 132539.
11, 12049
List the prime factors of 5964.
2, 3, 7, 71
What are the prime factors of 13415?
5, 2683
List the prime factors of 15991.
15991
What are the prime factors of 800?
2, 5
What are the prime factors of 3415?
5, 683
List the prime factors of 55350.
2, 3, 5, 41
What are the prime factors of 132214?
2, 66107
List the prime factors of 550.
2, 5, 11
List the prime factors of 74239.
11, 17, 397
List the prime factors of 32315.
5, 23, 281
What are the prime factors of 55?
5, 11
What are the prime factors of 2955?
3, 5, 197
List the prime factors of 19210.
2, 5, 17, 113
List the prime factors of 20517.
3, 7, 977
List the prime factors of 1449.
3, 7, 23
List the prime factors of 2908.
2, 727
List the prime factors of 22481.
22481
What are the prime factors of 1589?
7, 227
What are the prime factors of 1920?
2, 3, 5
List the prime factors of 938.
2, 7, 67
What are the prime factors of 4038?
2, 3, 673
List the prime factors of 28518.
2, 3, 7, 97
List the prime factors of 1397.
11, 127
List the prime factors of 1113.
3, 7, 53
What are the prime factors of 28501?
11, 2591
List the prime factors of 7088.
2, 443
List the prime factors of 6240.
2, 3, 5, 13
What are the prime factors of 13477?
13477
List the prime factors of 6982.
2, 3491
What are the prime factors of 5385?
3, 5, 359
What are the prime factors of 1196?
2, 13, 23
List the prime factors of 1543.
1543
What are the prime factors of 16175?
5, 647
What are the prime factors of 6922?
2, 3461
List the prime factors of 46.
2, 23
What are the prime factors of 928?
2, 29
List the prime factors of 42773.
42773
What are the prime factors of 5048?
2, 631
What are the prime factors of 1110?
2, 3, 5, 37
What are the prime factors of 46444?
2, 17, 683
What are the prime factors of 12107?
12107
List the prime factors of 25906.
2, 12953
What are the prime factors of 3474?
2, 3, 193
List the prime factors of 52011.
3, 5779
What are the prime factors of 650?
2, 5, 13
List the prime factors of 26821.
26821
What are the prime factors of 1537?
29, 53
List the prime factors of 840.
2, 3, 5, 7
List the prime factors of 11036.
2, 31, 89
List the prime factors of 88421.
29, 3049
List the prime factors of 2211.
3, 11, 67
What are the prime factors of 90398?
2, 7, 11, 587
What are the prime factors of 45650?
2, 5, 11, 83
List the prime factors of 1069.
1069
List the prime factors of 119286.
2, 3, 47
List the prime factors of 40841.
40841
List the prime factors of 116671.
17, 6863
List the prime factors of 631.
631
What are the prime factors of 947?
947
List the prime factors of 2351.
2351
List the prime factors of 663.
3, 13, 17
What are the prime factors of 212?
2, 53
What are the prime factors of 2517?
3, 839
List the prime factors of 1444.
2, 19
What are the prime factors of 9305?
5, 1861
What are the prime factors of 1797?
3, 599
List the prime factors of 34077.
3, 37, 307
List the prime factors of 9015.
3, 5, 601
What are the prime factors of 16645?
5, 3329
What are the prime factors of 6302?
2, 23, 137
List the prime factors of 58244.
2, 14561
What are the prime factors of 63030?
2, 3, 5, 11, 191
List the prime factors of 15950.
2, 5, 11, 29
List the prime factors of 6049.
23, 263
List the prime factors of 702.
2, 3, 13
List the prime factors of 19354.
2, 9677
What are the prime factors of 5572?
2, 7, 199
List the prime factors of 47965.
5, 53, 181
List the prime factors of 1306.
2, 653
List the prime factors of 19055.
5, 37, 103
List the prime factors of 4583.
4583
List the prime factors of 561.
3, 11, 17
What are the prime factors of 10552?
2, 1319
What are the prime factors of 17680?
2, 5, 13, 17
List the prime factors of 447.
3, 149
What are the prime factors of 1021?
1021
List the prime factors of 2169.
3, 241
List the prime factors of 8648.
2, 23, 47
List the prime factors of 774.
2, 3, 43
What are the prime factors of 267?
3, 89
List the prime factors of 2249.
13, 173
What are the prime factors of 600?
2, 3, 5
What are the prime factors of 11067?
3, 7, 17, 31
What are the prime factors of 32614?
2, 23, 709
List the prime factors of 154740.
2, 3, 5, 2579
What are the prime factors of 2250?
2, 3, 5
What are the prime factors of 606?
2, 3, 101
What are the prime factors of 283?
283
List the prime factors of 3589.
37, 97
What are the prime factors of 102746?
2, 7, 41, 179
What are the prime factors of 4334?
2, 11, 197
List the prime factors of 12163.
12163
What are the prime factors of 503?
503
What are the prime factors of 39421?
79, 499
What are the prime factors of 156963?
3, 52321
What are the prime factors of 2036?
2, 509
List the prime factors of 1884.
2, 3, 157
List the prime factors of 1743.
3, 7, 83
What are the prime factors of 15199?
15199
List the prime factors of 1645.
5, 7, 47
List the prime factors of 47161.
47161
What are the prime factors of 499?
499
What are the prime factors of 15718?
2, 29, 271
List the prime factors of 2446.
2, 1223
What are the prime factors of 41592?
2, 3, 1733
What are the prime factors of 6721?
11, 13, 47
List the prime factors of 233.
233
What are the prime factors of 926?
2, 463
What are the prime factors of 17550?
2, 3, 5, 13
List the prime factors of 29812.
2, 29, 257
What are the prime factors of 9685?
5, 13, 149
List the prime factors of 4631.
11, 421
What are the prime factors of 831?
3, 277
List the prime factors of 3950.
2, 5, 79
What are the prime factors of 75873?
3, 7, 3613
List the prime factors of 19121.
19121
What are the prime factors of 9972?
2, 3, 277
List the prime factors of 19207.
19207
What are the prime factors of 113?
113
What are the prime factors of 18?
2, 3
List the prime factors of 17802.
2, 3, 23, 43
What are the prime factors of 30898?
2, 7, 2207
List the prime factors of 30572.
2, 7643
List the prime factors of 11047.
11047
What are the prime factors of 6917?
6917
What are the prime factors of 294?
2, 3, 7
What are the prime factors of 272?
2, 17
What are the prime factors of 11343?
3, 19, 199
What are the prime factors of 21097?
17, 73
List the prime factors of 26662.
2, 13331
What are the prime factors of 767?
13, 59
What are the prime factors of 14273?
7, 2039
List the prime factors of 56831.
17, 3343
List the prime factors of 12530.
2, 5, 7, 179
List the prime factors of 36114.
2, 3, 13, 463
What are the prime factors of 7426?
2, 47, 79
What are the prime factors of 2686?
2, 17, 79
What are the prime factors of 948?
2, 3, 79
List the prime factors of 25317.
3, 29, 97
List the prime factors of 2981.
11, 271
List the prime factors of 309.
3, 103
What are the prime factors of 337?
337
What are the prime factors of 2261?
7, 17, 19
What are the prime factors of 99619?
13, 79, 97
List the prime factors of 91693.
7, 13099
What are the prime factors of 20719?
20719
What are the prime factors of 27735?
3, 5, 43
What are the prime factors of 1685?
5, 337
List the prime factors of 1383.
3, 461
What are the prime factors of 10?
2, 5
What are the prime factors of 1876?
2, 7, 67
List the prime factors of 12989.
31, 419
What are the prime factors of 71074?
2, 35537
What are the prime factors of 34868?
2, 23, 379
What are the prime factors of 139757?
17, 8221
What are the prime factors of 1220?
2, 5, 61
List the prime factors of 270.
2, 3, 5
List the prime factors of 1317.
3, 439
What are the prime factors of 6124?
2, 1531
What are the prime factors of 106000?
2, 5, 53
List the prime factors of 1508.
2, 13, 29
List the prime factors of 16863.
3, 7, 11, 73
List the prime factors of 23592.
2, 3, 983
List the prime factors of 911.
911
What are the prime factors of 535?
5, 107
List the prime factors of 923.
13, 71
What are the prime factors of 25832?
2, 3229
List the prime factors of 7165.
5, 1433
What are the prime factors of 36062?
2, 13, 19, 73
List the prime factors of 2958.
2, 3, 17, 29
What are the prim